Let q(c) = -89*c + 32. Let j be q(-10). Suppose 14*t - j + 306 = 0. What is the units digit of t - (-4)/12*-9?
1
Suppose f - 33893 = -4*p, -45*f = -4*p - 43*f + 33914. What is the tens digit of p?
7
Let t(j) = 0*j + 18*j - 43*j + 112. What is the tens digit of t(-19)?
8
Suppose -y + 5*g + 35 = 4*y, 28 = 4*y + 3*g. Let s = 286 + y. What is the units digit of s?
3
Suppose 170*t + 600192 = 202*t. What is the units digit of t?
6
Let o(z) = 32*z - 3. Let y be o(3). Suppose -y + 45 = -6*c. What is the units digit of (1*184)/((-6 - c)/(-7))?
2
Let k(q) = 16*q**3 + q**2 + q - 1. Let s be k(1). Suppose d - s - 34 = 0. Suppose -2*t - d = -5*t. What is the tens digit of t?
1
Let b(c) be the second derivative of 8*c**3/3 + 55*c**2/2 - 2*c + 47. What is the units digit of b(4)?
9
Let s = 28640 - 15719. What is the ten thousands digit of s?
1
Let y be (2/(-4)*-4)/(2 + -4). Let s = y - -161. Suppose -4*n - s + 480 = 0. What is the units digit of n?
0
Let t(g) = g**3 + 10*g**2 + 20. Let j be t(-9). Let i = -96 + j. What is the units digit of (i + -1)/((-1)/15*-3)?
0
Let s(j) = -j**2 + 7*j + 922. Let i(z) = -z**2 - 22*z - 21. Let p be i(-21). What is the units digit of s(p)?
2
What is the units digit of (-55)/(-165) - 17987/(-3)?
6
What is the thousands digit of 68862/6 + 5 + -1?
1
Let k(p) = 5*p - 78. Let a be k(18). Suppose -a*n + 1559 = -685. What is the units digit of n?
7
Let h(n) = 229*n**2 + 338*n - 6 - 346*n + 240*n**2. What is the tens digit of h(-1)?
7
Let x(k) = 45 - 52 - 42*k + 305*k**2 + 50*k. What is the units digit of x(2)?
9
Let q(b) = 6*b**2 - 6*b + 6. Let n be q(5). Let u = 53 - 47. Suppose u*y - n = 5*y. What is the units digit of y?
6
Let c(o) = 5*o + 71. Let y(a) = 24*a + 354. Let i(u) = 16*c(u) - 3*y(u). Let j = 82 + -82. What is the units digit of i(j)?
4
Suppose -5*a + 9*a + 36 = 0. Let w(p) = p**2 + 10*p + 12. Let c be w(a). Suppose 2*n + c*n - 1335 = -2*s, -s - 1081 = -4*n. What is the tens digit of n?
6
Suppose -4*c = c - 50. Suppose c*q + 1068 = 5398. What is the tens digit of q?
3
Let t(y) = -y**2 + 40*y + 57. Let i be 4/(-6) + (-52)/39 - -20. What is the tens digit of t(i)?
5
Let m be 1 + 1 - (-15)/((-90)/(-84)). Suppose m*t - 3587 = 1549. What is the units digit of t?
1
Suppose -53*z + 454330 = 83806 - 315879. What is the thousands digit of z?
2
Suppose 378 = 2*g - 5*x, -4*x = -3*g - g + 732. Let n = 92 - 179. Let t = g + n. What is the tens digit of t?
9
Suppose x + 32828 = 3*u - 2204, 0 = -5*u + 3*x + 58388. What is the ten thousands digit of u?
1
Let c = -4415 - -5591. What is the hundreds digit of c?
1
Let n(h) = -h**2 + 6*h - 1. Let m be n(4). Suppose 3*c - 27 = -4*k, 4*k + 5*c = m*c + 2. What is the units digit of k?
3
Suppose 5*x - 37060 = -5*w, -152*x + 22236 = -149*x + 2*w. What is the hundreds digit of x?
4
What is the thousands digit of ((-530330)/(-14))/1 + 2766/9681?
7
Let l(x) = x**2 + 6*x - 7. Let n be l(3). Suppose -4*k = -0*k - n. Suppose -k*g = -g - 228. What is the units digit of g?
7
Let f(k) = 29*k**2 + 12*k - 34. Let d(h) = -23*h**2 - 13*h + 33. Let a(g) = -5*d(g) - 4*f(g). What is the tens digit of a(11)?
3
Let w be (-20)/(-9)*57 + (-2)/3. Suppose -2*l - 4*i - w = -3*l, 471 = 4*l - 5*i. Let t = -6 + l. What is the units digit of t?
8
Suppose 21*d - 2*j - 566923 = 0, -6*d + 5*d + 3*j + 26976 = 0. What is the tens digit of d?
9
Let r = 134 + -129. Suppose w + r*g = 242, -3*w = 5*g - 1097 + 401. What is the hundreds digit of w?
2
Let w be -1*((-13)/(-104) + 26081/(-8)). Let t = -2175 + w. What is the units digit of t?
5
Suppose -4*y - 137*y = 11*y - 3000784. What is the ten thousands digit of y?
1
Suppose 13*b = -2*n + 8*b + 199, -4*n + 343 = -b. Let g = n - -606. What is the units digit of g?
3
Suppose -2*b = -4*q - q + 19, -5*b - 22 = -4*q. Suppose 7*h - q*h = -3*g + 918, 1513 = 5*g + h. What is the tens digit of g?
0
What is the thousands digit of (476/6 + 0/1)*(-6612)/(-152)?
3
Let i be (-2)/(-9) + 229/(-18)*10. Let y = i - -537. What is the tens digit of y?
1
Suppose 4*i = -4*p + 1552, 0*i = 5*p + 3*i - 1938. What is the hundreds digit of 1/((-3 + 6)/p) - 2?
1
Suppose 2*i + i = -0*i. Suppose 2*m - 4 + 0 = -3*n, i = -5*n - 4*m + 8. What is the units digit of (-20)/(-5) - (-43 - n)?
7
Let g = 582 + -330. What is the tens digit of ((-1103)/(-9))/(28/g)?
0
Let r = -82231 + 123878. What is the ten thousands digit of r?
4
Suppose 7*t + 3*t - 900 = 0. Let a = -39 + t. What is the units digit of a?
1
Let h be (21/(-9))/(-7) + (-15)/(-9). Suppose h*s = -30 - 192. Let p = s - -244. What is the units digit of p?
3
Let d(r) be the third derivative of 11*r**5/30 + r**4/4 - 2*r**3/3 - 5*r**2 + 2*r. What is the tens digit of d(3)?
1
Let d be (60/4)/((-1)/7). Let q = -103 - d. Suppose 3*f - 31 = -4*l + 504, -q*f + 2 = 0. What is the tens digit of l?
3
Suppose 3*n - 7247 = p, 2*p + 2282 = 5*n - 9798. What is the units digit of n?
4
Suppose -5*s = 2*j - 10867, -4*j + 3*s + 13679 = -8120. What is the hundreds digit of j?
4
Let a = -12299 + 21761. What is the hundreds digit of a?
4
Let b = 6 + -2. Suppose 0 = 5*d - b*i + 5440, -5*d = -3*d - i + 2179. What is the units digit of -6 + 2 - d/7?
2
Suppose -288*l = m - 292*l - 34394, -5*m + 172008 = -l. What is the tens digit of m?
0
Suppose -24841 = -503*w + 502*w. What is the tens digit of w?
4
Let y = -1 - -1. Let f be (-19)/(-2) - (-7)/(-14). Suppose y = -f*n + 1083 - 102. What is the units digit of n?
9
Suppose 213 = -3*o + 55*t - 52*t, -5*t = 2*o + 121. Let v = 97 + o. What is the tens digit of v?
2
Suppose 15*z - 18*z = -i + 2711, -2*i = z + 899. Let k = -601 - z. What is the hundreds digit of k?
3
Let j(t) = 94*t**2 + 5*t + 16. Let d be j(-3). Let n = d - 567. Suppose 2*k + 0*k - 552 = -4*i, -2*i - 2*k + n = 0. What is the units digit of i?
6
Suppose -36002 = -3*c - 4*b, -5*b = -512*c + 510*c + 24032. What is the ten thousands digit of c?
1
Let l be 9/(36/(-8)) + (6 - -1). Suppose 0*f - o = -4*f + 348, l*o = 2*f - 192. Let i = f + -3. What is the units digit of i?
3
Let d = 77 - 23. Let y = 59 - d. Suppose -128 = -2*k + 2*g + 90, -k - y*g + 109 = 0. What is the tens digit of k?
0
Suppose 2*v - 39945 = -q, 1554*q - 99915 = -5*v + 1559*q. What is the thousands digit of v?
9
Suppose 0 = -2*n - 27 + 55. Let r be 3352/7 + (3 - 40/n). Suppose 5*g - 5*h + 2*h = r, -5*g = -h - 483. What is the units digit of g?
7
Let j(u) = 1725*u + 242. What is the thousands digit of j(13)?
2
Let h be 4 + (3 - -7) + -5. Suppose h*l + 5*l - 28 = 0. Suppose 4*z - 2 = l. What is the units digit of z?
1
Suppose 3*d = -k + 155498, -3*d + 134956 + 20558 = 3*k. What is the units digit of d?
0
Let m(b) = 434*b - 20. Let l be m(4). Suppose 5*s - l = -2*u, -354 = -s + 10*u - 5*u. What is the units digit of s?
4
Let w(x) = 124*x**2 + 156*x - 71. What is the units digit of w(-11)?
7
What is the units digit of 2/19 - 17460309/(-969)?
9
What is the thousands digit of (-2 - (1 + -3) - (-130)/(-390))*-77991?
5
Suppose 3*z + 27 = 159. Suppose 0 = -6*w + 16 + z. What is the tens digit of w?
1
Let s = -276 + 279. Suppose 2*q - 1201 = q + 2*x, 0 = s*x - 3. What is the thousands digit of q?
1
Let n(x) = 213*x**3 + 7*x**2 - 56*x + 244. What is the ten thousands digit of n(6)?
4
Suppose -h = -2*z - 6626, -h + 699 = -5*z - 5933. What is the units digit of h?
2
Suppose 42*h - 14449 = 41*h + 3*v, -2*h + v + 28933 = 0. What is the tens digit of h?
7
Let r(t) = t**3 - 57*t**2 - 3744*t + 131. What is the hundreds digit of r(99)?
1
Let a = -162 - -389. Let c = a + -134. What is the units digit of c?
3
Let q be (270/(-360))/(((-6)/8)/3). Suppose 130 = 3*b - 4*i, 0*b + 2*b = q*i + 87. What is the tens digit of b?
4
Suppose -13*i = -4*m - 10*i - 15, 4 = -m + i. Let g(n) = -450*n + 36. What is the thousands digit of g(m)?
1
Let k = 12982 + -5486. What is the units digit of k?
6
Let h(n) = n**2 + 10*n - 45. Let u be h(4). Suppose 2*a = -u*m + 6*m + 4614, 5*a + 3711 = 4*m. What is the hundreds digit of m?
9
Suppose 6*t + 0*t - 174947 = -11*t. What is the thousands digit of t?
0
Let m be (-3 - -4)*2/((-2)/67). What is the units digit of m*(-37)/4 + (-228)/304?
9
Let m be (-6)/(-4)*2 - (-4 + 4). Suppose m*p = -5*l + 43, -4*p = -3*l + 7*l - 28. What is the units digit of l?
1
Let a(g) = 7*g**2 + 11*g + 110. Let n be a(22). Suppos